{"id":1232,"date":"2023-06-28T22:20:53","date_gmt":"2023-06-28T22:20:53","guid":{"rendered":"https:\/\/rubenrodriguez.info\/?page_id=1232"},"modified":"2023-06-28T22:27:14","modified_gmt":"2023-06-28T22:27:14","slug":"los-eroglificos-de-ruben-rodriguez","status":"publish","type":"page","link":"https:\/\/rubenrodriguez.info\/index.php\/los-eroglificos-de-ruben-rodriguez\/","title":{"rendered":"Los erogl\u00edficos de Rub\u00e9n Rodr\u00edguez"},"content":{"rendered":"\t\t<div data-elementor-type=\"wp-page\" data-elementor-id=\"1232\" class=\"elementor elementor-1232\">\n\t\t\t\t\t\t\t\t\t<section class=\"elementor-section elementor-top-section elementor-element elementor-element-28d008d elementor-section-boxed elementor-section-height-default elementor-section-height-default\" data-id=\"28d008d\" data-element_type=\"section\">\n\t\t\t\t\t\t<div class=\"elementor-container elementor-column-gap-default\">\n\t\t\t\t\t<div class=\"elementor-column elementor-col-100 elementor-top-column elementor-element elementor-element-e615f8f\" data-id=\"e615f8f\" data-element_type=\"column\">\n\t\t\t<div class=\"elementor-widget-wrap elementor-element-populated\">\n\t\t\t\t\t\t\t\t<div class=\"elementor-element elementor-element-e707eed elementor-widget-divider--view-line elementor-widget elementor-widget-divider\" data-id=\"e707eed\" data-element_type=\"widget\" data-widget_type=\"divider.default\">\n\t\t\t\t<div class=\"elementor-widget-container\">\n\t\t\t<style>\/*! elementor - v3.14.0 - 26-06-2023 *\/\n.elementor-widget-divider{--divider-border-style:none;--divider-border-width:1px;--divider-color:#0c0d0e;--divider-icon-size:20px;--divider-element-spacing:10px;--divider-pattern-height:24px;--divider-pattern-size:20px;--divider-pattern-url:none;--divider-pattern-repeat:repeat-x}.elementor-widget-divider .elementor-divider{display:flex}.elementor-widget-divider .elementor-divider__text{font-size:15px;line-height:1;max-width:95%}.elementor-widget-divider .elementor-divider__element{margin:0 var(--divider-element-spacing);flex-shrink:0}.elementor-widget-divider .elementor-icon{font-size:var(--divider-icon-size)}.elementor-widget-divider .elementor-divider-separator{display:flex;margin:0;direction:ltr}.elementor-widget-divider--view-line_icon .elementor-divider-separator,.elementor-widget-divider--view-line_text .elementor-divider-separator{align-items:center}.elementor-widget-divider--view-line_icon .elementor-divider-separator:after,.elementor-widget-divider--view-line_icon .elementor-divider-separator:before,.elementor-widget-divider--view-line_text .elementor-divider-separator:after,.elementor-widget-divider--view-line_text .elementor-divider-separator:before{display:block;content:\"\";border-bottom:0;flex-grow:1;border-top:var(--divider-border-width) var(--divider-border-style) var(--divider-color)}.elementor-widget-divider--element-align-left .elementor-divider .elementor-divider-separator>.elementor-divider__svg:first-of-type{flex-grow:0;flex-shrink:100}.elementor-widget-divider--element-align-left .elementor-divider-separator:before{content:none}.elementor-widget-divider--element-align-left .elementor-divider__element{margin-left:0}.elementor-widget-divider--element-align-right .elementor-divider .elementor-divider-separator>.elementor-divider__svg:last-of-type{flex-grow:0;flex-shrink:100}.elementor-widget-divider--element-align-right .elementor-divider-separator:after{content:none}.elementor-widget-divider--element-align-right .elementor-divider__element{margin-right:0}.elementor-widget-divider:not(.elementor-widget-divider--view-line_text):not(.elementor-widget-divider--view-line_icon) .elementor-divider-separator{border-top:var(--divider-border-width) var(--divider-border-style) var(--divider-color)}.elementor-widget-divider--separator-type-pattern{--divider-border-style:none}.elementor-widget-divider--separator-type-pattern.elementor-widget-divider--view-line .elementor-divider-separator,.elementor-widget-divider--separator-type-pattern:not(.elementor-widget-divider--view-line) .elementor-divider-separator:after,.elementor-widget-divider--separator-type-pattern:not(.elementor-widget-divider--view-line) .elementor-divider-separator:before,.elementor-widget-divider--separator-type-pattern:not([class*=elementor-widget-divider--view]) .elementor-divider-separator{width:100%;min-height:var(--divider-pattern-height);-webkit-mask-size:var(--divider-pattern-size) 100%;mask-size:var(--divider-pattern-size) 100%;-webkit-mask-repeat:var(--divider-pattern-repeat);mask-repeat:var(--divider-pattern-repeat);background-color:var(--divider-color);-webkit-mask-image:var(--divider-pattern-url);mask-image:var(--divider-pattern-url)}.elementor-widget-divider--no-spacing{--divider-pattern-size:auto}.elementor-widget-divider--bg-round{--divider-pattern-repeat:round}.rtl .elementor-widget-divider .elementor-divider__text{direction:rtl}.e-con-inner>.elementor-widget-divider,.e-con>.elementor-widget-divider{width:var(--container-widget-width,100%);--flex-grow:var(--container-widget-flex-grow)}<\/style>\t\t<div class=\"elementor-divider\">\n\t\t\t<span class=\"elementor-divider-separator\">\n\t\t\t\t\t\t<\/span>\n\t\t<\/div>\n\t\t\t\t<\/div>\n\t\t\t\t<\/div>\n\t\t\t\t<div class=\"elementor-element elementor-element-4d67c75 elementor-widget elementor-widget-spacer\" data-id=\"4d67c75\" data-element_type=\"widget\" data-widget_type=\"spacer.default\">\n\t\t\t\t<div class=\"elementor-widget-container\">\n\t\t\t<style>\/*! elementor - v3.14.0 - 26-06-2023 *\/\n.elementor-column .elementor-spacer-inner{height:var(--spacer-size)}.e-con{--container-widget-width:100%}.e-con-inner>.elementor-widget-spacer,.e-con>.elementor-widget-spacer{width:var(--container-widget-width,var(--spacer-size));--align-self:var(--container-widget-align-self,initial);--flex-shrink:0}.e-con-inner>.elementor-widget-spacer>.elementor-widget-container,.e-con-inner>.elementor-widget-spacer>.elementor-widget-container>.elementor-spacer,.e-con>.elementor-widget-spacer>.elementor-widget-container,.e-con>.elementor-widget-spacer>.elementor-widget-container>.elementor-spacer{height:100%}.e-con-inner>.elementor-widget-spacer>.elementor-widget-container>.elementor-spacer>.elementor-spacer-inner,.e-con>.elementor-widget-spacer>.elementor-widget-container>.elementor-spacer>.elementor-spacer-inner{height:var(--container-widget-height,var(--spacer-size))}<\/style>\t\t<div class=\"elementor-spacer\">\n\t\t\t<div class=\"elementor-spacer-inner\"><\/div>\n\t\t<\/div>\n\t\t\t\t<\/div>\n\t\t\t\t<\/div>\n\t\t\t\t<div class=\"elementor-element elementor-element-4a7acf9 elementor-widget elementor-widget-text-editor\" data-id=\"4a7acf9\" data-element_type=\"widget\" data-widget_type=\"text-editor.default\">\n\t\t\t\t<div class=\"elementor-widget-container\">\n\t\t\t<style>\/*! elementor - v3.14.0 - 26-06-2023 *\/\n.elementor-widget-text-editor.elementor-drop-cap-view-stacked .elementor-drop-cap{background-color:#69727d;color:#fff}.elementor-widget-text-editor.elementor-drop-cap-view-framed .elementor-drop-cap{color:#69727d;border:3px solid;background-color:transparent}.elementor-widget-text-editor:not(.elementor-drop-cap-view-default) .elementor-drop-cap{margin-top:8px}.elementor-widget-text-editor:not(.elementor-drop-cap-view-default) .elementor-drop-cap-letter{width:1em;height:1em}.elementor-widget-text-editor .elementor-drop-cap{float:left;text-align:center;line-height:1;font-size:50px}.elementor-widget-text-editor .elementor-drop-cap-letter{display:inline-block}<\/style>\t\t\t\t<p><strong>LOS EROGLI\u0301FICOS DE RUBE\u0301N RODRI\u0301GUEZ<\/strong><\/p><p>\u00a9 Noel Alejandro N\u00e1poles. 2021<\/p><p style=\"text-align: right;\">&#8230;\u00bfAcaso nuestra alma no es la aran\u0303a que teje nuestro propio cuerpo?&#8230;<br \/>Fulcanelli 1<\/p><p>Alrededor del an\u0303o 3300 a.C., surgio\u0301 la escritura en Mesopotamia. Doscientos an\u0303os ma\u0301s tarde, aparecieron en Egipto lo que los griegos denominaron jerogli\u0301ficos, por considerarlos una escritura sagrada. Alli\u0301 el oficio de escribir se reservaba a los sacerdotes, hombres acostumbrados a lidiar con lo sobrenatural y capaces de rimar los signos grabados en el barro o tallados en la piedra. Escribir era un modo de invocar las voces del Ayer y de convocar los oi\u0301dos del Man\u0303ana, lo que significa que la palabra teni\u0301a poder sobre la muerte y el tiempo. Poco a poco, el lenguaje se fue simplificando y se fue haciendo cada vez ma\u0301s abstracto. La imagen gra\u0301fica cedio\u0301 a la si\u0301laba y la si\u0301laba a la letra. Si para dominar los jerogli\u0301ficos era preciso memorizar setecientos dibujitos, con la aparicio\u0301n del alfabeto fenicio, hacia el an\u0303o 1100 a.C., bastaba combinar veintido\u0301s letras para formar todas las palabras.<\/p><p>El siglo XX potencio\u0301, en las artes visuales, la subjetividad y la bu\u0301squeda de las esencias. Algunos artistas incluso llegaron a crear lenguajes tan originales que, en ocasiones, subieron la escalera que va del pictograma a la si\u0301laba y de la si\u0301laba a la letra. Hubo pintores y grabadores que depuraron tanto su lenguaje que en su obra se aprecia el viaje del todo a la parte y de la parte al signo. Es, supongo, la consecuencia natural del proceso i\u0301ntimo de creacio\u0301n de un lenguaje estrictamente personal. Kandinsky, por ejemplo, fue del impresionismo a la abstraccio\u0301n, creando un lenguaje a veces li\u0301rico, a veces geome\u0301trico; Picasso simplifico\u0301 la figura del toro del Guernica, hasta dar con su disen\u0303o fundamental; Duchamp armo\u0301 el Gran Vidrio a base de si\u0301mbolos recurrentes (la Novia, los solteros, etc.) que au\u0301n hoy esperan ser descifrados; y Kosuth tradujo el objeto fi\u0301sico en imagen fotogra\u0301fica y esta en concepto escrito.<\/p><p>Ante la obra gra\u0301fica de Rube\u0301n Rodri\u0301guez (Ca\u0301rdenas, Matanzas, 1959), me siento como el lingu\u0308ista que contempla impotente los misteriosos signos de Mohenjo Daro. El bosque de su subjetividad, alli\u0301 donde au\u0301lla el lobo y parlotea el obsceno pa\u0301jaro de la noche2, sigue siendo un arcano para mi\u0301. Y es que lo bello, cuando es indescifrable, se torna terrible.<\/p><p>La figuracio\u0301n de Rube\u0301n, tanto en el grabado como en la pintura, desborda la terminologi\u0301a al uso porque es un mensaje cifrado. E\u0301l, como dijera Rufo Caballero, hizo del cuerpo humano una catedral,3 y ya se sabe que para decodificar el misterio de las catedrales hay que consultar al no menos enigma\u0301tico Fulcanelli. Vale resaltar la coincidencia de que aqui\u0301 hablamos de jerogli\u0301ficos egipcios y que, para Fulcanelli, la catedral entera no es ma\u0301s que la glorificacio\u0301n muda, pero gra\u0301fica, de la antigua ciencia de Hermes&#8230;4, \u201cel tres veces grande\u201d, quien se dice sintetizo\u0301 la sabiduri\u0301a egipcia y griega en El Kybalion.<\/p><p>Cabe, no obstante, la opcio\u0301n de asumir que no hay nada que descifrar sino ma\u0301s bien paladear otra forma de mirarnos a nosotros mismos. El arte no esta\u0301 en que\u0301 se dice sino en co\u0301mo se dice. Pero \u00bfque\u0301 ser humano puede sustraerse del deseo irresistible de entender un mensaje secreto? Los antiguos aztecas empleaban el vocablo tlacuiloa, que significa \u201cescribir pintando\u201d o \u201cpintar escribiendo\u201d. Y yo pienso que algo de Quetzalco\u0301atl \u2013la Serpiente emplumada\u2013 anida en el dibujo del cardenense: su li\u0301nea sinuosa no repta, vuela; no es huella de vientre que se arrastra sino batir de ala elegante y poderosa. En dos palabras, no es co\u0301atl sino quetzal. Esta li\u0301nea desenfadada y espiritual compensa \u2013como dice Virginia Alberdi5\u2013 la composicio\u0301n cargada de tensio\u0301n y de erotismo.<\/p><p>Los personajes de Rube\u0301n, ma\u0301s que cuerpos desnudos son almas vestidas, orgullosas de su anatomi\u0301a otra, carente de desequilibrios y desarmoni\u0301as. En su reino, las fronteras se disuelven y las carnes transparentes se interpenetran fluidamente. Todo lo so\u0301lido se desvanece en un cuadro de Rube\u0301n. E\u0301l deconstruye la anatomi\u0301a humana de manera eide\u0301tica, como quien intenta preservar a toda costa su quintaesencia, haciendo de su obra un soberbio ejercicio fenomenolo\u0301gico. Rube\u0301n se adentra en su objeto, tomando distancia de e\u0301l. Sus figuras son metonimias del hombre y la mujer, son partes que sugieren el todo.<\/p><p>En una obra suya, por ejemplo, puede aparecer la siguiente escena: de un lado, un brazo cuyo deltoide culmina en dos senos, se transparenta sobre una pierna flexionada, y ambos se conectan, respectivamente, con la pierna y el brazo que esta\u0301n del otro lado. Alla\u0301 la brazierna, aca\u0301 el pierazo, cual si\u0301labas torcidas de la palabra humana. Al centro de la pieza, las extremidades entrelazadas amagan un recta\u0301ngulo irregular. En la diagonal que va del borde inferior izquierdo a su opuesto, la li\u0301nea ni\u0301tida del dibujo se va enrareciendo a medida que se extrapola, generando en ambos extremos zonas oscuras. Asi\u0301, en el origen de la brazierna, dos senos manan hilillos de noche y, en la articulacio\u0301n del pierazo, la oscuridad parece dibujar un gato. \u00bfSera\u0301n los polos de la Fortuna? \u00bfAcaso la Vida y la Muerte, liadas en torno a la serpiente infinita que se muerde la cola?<\/p><p>Los personajes de Rube\u0301n adolecen de cabeza, que es signo de identidad. Eso me obliga a mirar ma\u0301s alla\u0301 de las apariencias, a buscar ma\u0301s alla\u0301 de las figuras mismas y me hace privilegiar, no la identidad, sino la contradiccio\u0301n en mi enfoque.<\/p><p>Cuatro extremidades, dos cuerpos, una relacio\u0301n son quiza\u0301s cuatro letras, dos si\u0301labas, una palabra. De manera que Rube\u0301n deconstruye cuerpos para construir relaciones. Sus fragmentos callados hablan de un entero. Sus identidades perdidas conducen al contrapunto que distingue al ser humano en si\u0301 mismo y en su relacio\u0301n con el otro. Las suyas parecen anatomi\u0301as pero son antinomias. Rube\u0301n dibuja la paradoja desafiante que somos, ese oscilar constante entre el a\u0301ngel y el demonio, que define la condicio\u0301n humana. Su alfabeto esta\u0301 hecho de brazos y piernas, senos y sexos, torsos y nalgas, manos y pies que se combinan con cierta libertad para formar si\u0301labas inso\u0301litas -como la brazierna o el pierazo- y palabras impronunciables. Todo ello en funcio\u0301n de un poema engan\u0303osamente sencillo pero profundamente humano.<\/p><p>Sin dudas, Rube\u0301n es un tipo campechano con una obra muy seria. A la manera del sacerdote egipcio, sus trazos riman lo invisible y le ponen voz a la esencia humana. La diferencia consiste en que si el sacerdote egipcio, al convertir sus vivencias en signos misteriosos, traduci\u0301a lo profano en divino, el cubano, al darle un matiz ero\u0301tico a la relacio\u0301n humana, transmuta lo divino en profano.<\/p><p>Asi\u0301 me hablan sus piezas, aunque se\u0301 que sus hallazgos visuales son refractarios a la lectura unilateral, llana, agotadora. Precisamente lo atractivo de su escritura pla\u0301stica es la polisemia. Yo so\u0301lo me atreveri\u0301a a subrayar la sintaxis de su lenguaje y a lo sumo el tema recurrente en sus sobrias melodi\u0301as. En cambio su sentido es algo que depende de cada espectador.<\/p><p>Lo que si\u0301 parece innegable es que estos grabados ero\u0301ticos, estos erogli\u0301ficos constituyen meta\u0301foras vitales de la antinomia humana. Rube\u0301n Rodri\u0301guez contempla el cuerpo desde la orilla del alma. Y lo hace como el viajero inmo\u0301vil que ha aprendido el arte de caminar sentado, e\u0301se que consiste en reconocer el ma\u0301s alla\u0301 en nuestro ma\u0301s aca\u0301, porque \u2013mira\u0301ndolo bien- tambie\u0301n nosotros somos el horizonte del horizonte.<\/p><p>1 El misterio de las catedrales. La obra maestra de la herme\u0301tica en el siglo XX. Random House Mondadori, S.A., Barcelona, 1993, p. 57<br \/>2 La meta\u0301fora es de Henry James Sr fue puesta por Jose\u0301 Donoso como epi\u0301grafe de su novela El obsceno pa\u0301jaro de la noche.<br \/>3 Cata\u0301logo de la expo Amuletos, realizada en el Palacio de Lombillo, del 28 de marzo al 28 de abril de 2006, durante la Novena Bienal de La Habana.<br \/>4 El misterio de las catedrales, p. 82.<br \/>5 Cata\u0301logo a la expo \u201cCamas ocupadas\u201d, celebrada en la galeri\u0301a Ori\u0301genes del Gran Teatro de La Habana, entre octubre y diciembre de 2008.<\/p>\t\t\t\t\t\t<\/div>\n\t\t\t\t<\/div>\n\t\t\t\t<div class=\"elementor-element elementor-element-fe305c5 elementor-widget elementor-widget-spacer\" data-id=\"fe305c5\" data-element_type=\"widget\" data-widget_type=\"spacer.default\">\n\t\t\t\t<div class=\"elementor-widget-container\">\n\t\t\t\t\t<div class=\"elementor-spacer\">\n\t\t\t<div class=\"elementor-spacer-inner\"><\/div>\n\t\t<\/div>\n\t\t\t\t<\/div>\n\t\t\t\t<\/div>\n\t\t\t\t\t<\/div>\n\t\t<\/div>\n\t\t\t\t\t\t\t<\/div>\n\t\t<\/section>\n\t\t\t\t\t\t\t<\/div>\n\t\t","protected":false},"excerpt":{"rendered":"<p>LOS EROGLI\u0301FICOS DE RUBE\u0301N RODRI\u0301GUEZ \u00a9 Noel Alejandro N\u00e1poles. 2021 &#8230;\u00bfAcaso nuestra alma no es la aran\u0303a que teje nuestro propio cuerpo?&#8230;Fulcanelli 1 Alrededor del an\u0303o 3300 a.C., surgio\u0301 la escritura en Mesopotamia. Doscientos an\u0303os ma\u0301s tarde, aparecieron en Egipto lo que los griegos denominaron jerogli\u0301ficos, por considerarlos una escritura sagrada. Alli\u0301 el oficio de [&hellip;]<\/p>\n","protected":false},"author":1,"featured_media":1133,"parent":0,"menu_order":0,"comment_status":"closed","ping_status":"closed","template":"","meta":{"_monsterinsights_skip_tracking":false,"_monsterinsights_sitenote_active":false,"_monsterinsights_sitenote_note":"","_monsterinsights_sitenote_category":0,"footnotes":""},"yoast_head":"<!-- This site is optimized with the Yoast SEO plugin v21.8 - https:\/\/yoast.com\/wordpress\/plugins\/seo\/ -->\n<title>Los erogl\u00edficos de Rub\u00e9n Rodr\u00edguez - Ruben Rodriguez<\/title>\n<meta name=\"description\" content=\"Alrededor del a\u00f1o 3300 a.C., surgi\u00f3 la escritura en Mesopotamia. Doscientos a\u00f1os m\u00e1s tarde, aparecieron en Egipto lo que los griegos denominaron jerogl\u00edficos, por considerarlos una escritura sagrada...\" \/>\n<meta name=\"robots\" content=\"index, follow, max-snippet:-1, max-image-preview:large, max-video-preview:-1\" \/>\n<link rel=\"canonical\" href=\"https:\/\/rubenrodriguez.info\/index.php\/los-eroglificos-de-ruben-rodriguez\/\" \/>\n<meta property=\"og:locale\" content=\"en_US\" \/>\n<meta property=\"og:type\" content=\"article\" \/>\n<meta property=\"og:title\" content=\"Los erogl\u00edficos de Rub\u00e9n Rodr\u00edguez - Ruben Rodriguez\" \/>\n<meta property=\"og:description\" content=\"Alrededor del a\u00f1o 3300 a.C., surgi\u00f3 la escritura en Mesopotamia. Doscientos a\u00f1os m\u00e1s tarde, aparecieron en Egipto lo que los griegos denominaron jerogl\u00edficos, por considerarlos una escritura sagrada...\" \/>\n<meta property=\"og:url\" content=\"https:\/\/rubenrodriguez.info\/index.php\/los-eroglificos-de-ruben-rodriguez\/\" \/>\n<meta property=\"og:site_name\" content=\"Ruben Rodriguez\" \/>\n<meta property=\"article:modified_time\" content=\"2023-06-28T22:27:14+00:00\" \/>\n<meta property=\"og:image\" content=\"http:\/\/rubenrodriguez.info\/wp-content\/uploads\/2023\/06\/ruben-rodriguez-cuban-artist-09.jpg\" \/>\n\t<meta property=\"og:image:width\" content=\"900\" \/>\n\t<meta property=\"og:image:height\" content=\"680\" \/>\n\t<meta property=\"og:image:type\" content=\"image\/jpeg\" \/>\n<meta name=\"twitter:card\" content=\"summary_large_image\" \/>\n<meta name=\"twitter:label1\" content=\"Est. reading time\" \/>\n\t<meta name=\"twitter:data1\" content=\"6 minutes\" \/>\n<script type=\"application\/ld+json\" class=\"yoast-schema-graph\">{\"@context\":\"https:\/\/schema.org\",\"@graph\":[{\"@type\":\"WebPage\",\"@id\":\"https:\/\/rubenrodriguez.info\/index.php\/los-eroglificos-de-ruben-rodriguez\/\",\"url\":\"https:\/\/rubenrodriguez.info\/index.php\/los-eroglificos-de-ruben-rodriguez\/\",\"name\":\"Los erogl\u00edficos de Rub\u00e9n Rodr\u00edguez - Ruben Rodriguez\",\"isPartOf\":{\"@id\":\"https:\/\/rubenrodriguez.info\/#website\"},\"datePublished\":\"2023-06-28T22:20:53+00:00\",\"dateModified\":\"2023-06-28T22:27:14+00:00\",\"description\":\"Alrededor del a\u00f1o 3300 a.C., surgi\u00f3 la escritura en Mesopotamia. Doscientos a\u00f1os m\u00e1s tarde, aparecieron en Egipto lo que los griegos denominaron jerogl\u00edficos, por considerarlos una escritura sagrada...\",\"breadcrumb\":{\"@id\":\"https:\/\/rubenrodriguez.info\/index.php\/los-eroglificos-de-ruben-rodriguez\/#breadcrumb\"},\"inLanguage\":\"en-US\",\"potentialAction\":[{\"@type\":\"ReadAction\",\"target\":[\"https:\/\/rubenrodriguez.info\/index.php\/los-eroglificos-de-ruben-rodriguez\/\"]}]},{\"@type\":\"BreadcrumbList\",\"@id\":\"https:\/\/rubenrodriguez.info\/index.php\/los-eroglificos-de-ruben-rodriguez\/#breadcrumb\",\"itemListElement\":[{\"@type\":\"ListItem\",\"position\":1,\"name\":\"Home\",\"item\":\"https:\/\/rubenrodriguez.info\/\"},{\"@type\":\"ListItem\",\"position\":2,\"name\":\"Los erogl\u00edficos de Rub\u00e9n Rodr\u00edguez\"}]},{\"@type\":\"WebSite\",\"@id\":\"https:\/\/rubenrodriguez.info\/#website\",\"url\":\"https:\/\/rubenrodriguez.info\/\",\"name\":\"Ruben Rodriguez\",\"description\":\"Cuban Visual Artist\",\"publisher\":{\"@id\":\"https:\/\/rubenrodriguez.info\/#organization\"},\"potentialAction\":[{\"@type\":\"SearchAction\",\"target\":{\"@type\":\"EntryPoint\",\"urlTemplate\":\"https:\/\/rubenrodriguez.info\/?s={search_term_string}\"},\"query-input\":\"required name=search_term_string\"}],\"inLanguage\":\"en-US\"},{\"@type\":\"Organization\",\"@id\":\"https:\/\/rubenrodriguez.info\/#organization\",\"name\":\"Ruben Rodriguez\",\"url\":\"https:\/\/rubenrodriguez.info\/\",\"logo\":{\"@type\":\"ImageObject\",\"inLanguage\":\"en-US\",\"@id\":\"https:\/\/rubenrodriguez.info\/#\/schema\/logo\/image\/\",\"url\":\"\",\"contentUrl\":\"\",\"caption\":\"Ruben Rodriguez\"},\"image\":{\"@id\":\"https:\/\/rubenrodriguez.info\/#\/schema\/logo\/image\/\"}}]}<\/script>\n<!-- \/ Yoast SEO plugin. -->","yoast_head_json":{"title":"Los erogl\u00edficos de Rub\u00e9n Rodr\u00edguez - Ruben Rodriguez","description":"Alrededor del a\u00f1o 3300 a.C., surgi\u00f3 la escritura en Mesopotamia. Doscientos a\u00f1os m\u00e1s tarde, aparecieron en Egipto lo que los griegos denominaron jerogl\u00edficos, por considerarlos una escritura sagrada...","robots":{"index":"index","follow":"follow","max-snippet":"max-snippet:-1","max-image-preview":"max-image-preview:large","max-video-preview":"max-video-preview:-1"},"canonical":"https:\/\/rubenrodriguez.info\/index.php\/los-eroglificos-de-ruben-rodriguez\/","og_locale":"en_US","og_type":"article","og_title":"Los erogl\u00edficos de Rub\u00e9n Rodr\u00edguez - Ruben Rodriguez","og_description":"Alrededor del a\u00f1o 3300 a.C., surgi\u00f3 la escritura en Mesopotamia. Doscientos a\u00f1os m\u00e1s tarde, aparecieron en Egipto lo que los griegos denominaron jerogl\u00edficos, por considerarlos una escritura sagrada...","og_url":"https:\/\/rubenrodriguez.info\/index.php\/los-eroglificos-de-ruben-rodriguez\/","og_site_name":"Ruben Rodriguez","article_modified_time":"2023-06-28T22:27:14+00:00","og_image":[{"width":900,"height":680,"url":"http:\/\/rubenrodriguez.info\/wp-content\/uploads\/2023\/06\/ruben-rodriguez-cuban-artist-09.jpg","type":"image\/jpeg"}],"twitter_card":"summary_large_image","twitter_misc":{"Est. reading time":"6 minutes"},"schema":{"@context":"https:\/\/schema.org","@graph":[{"@type":"WebPage","@id":"https:\/\/rubenrodriguez.info\/index.php\/los-eroglificos-de-ruben-rodriguez\/","url":"https:\/\/rubenrodriguez.info\/index.php\/los-eroglificos-de-ruben-rodriguez\/","name":"Los erogl\u00edficos de Rub\u00e9n Rodr\u00edguez - Ruben Rodriguez","isPartOf":{"@id":"https:\/\/rubenrodriguez.info\/#website"},"datePublished":"2023-06-28T22:20:53+00:00","dateModified":"2023-06-28T22:27:14+00:00","description":"Alrededor del a\u00f1o 3300 a.C., surgi\u00f3 la escritura en Mesopotamia. Doscientos a\u00f1os m\u00e1s tarde, aparecieron en Egipto lo que los griegos denominaron jerogl\u00edficos, por considerarlos una escritura sagrada...","breadcrumb":{"@id":"https:\/\/rubenrodriguez.info\/index.php\/los-eroglificos-de-ruben-rodriguez\/#breadcrumb"},"inLanguage":"en-US","potentialAction":[{"@type":"ReadAction","target":["https:\/\/rubenrodriguez.info\/index.php\/los-eroglificos-de-ruben-rodriguez\/"]}]},{"@type":"BreadcrumbList","@id":"https:\/\/rubenrodriguez.info\/index.php\/los-eroglificos-de-ruben-rodriguez\/#breadcrumb","itemListElement":[{"@type":"ListItem","position":1,"name":"Home","item":"https:\/\/rubenrodriguez.info\/"},{"@type":"ListItem","position":2,"name":"Los erogl\u00edficos de Rub\u00e9n Rodr\u00edguez"}]},{"@type":"WebSite","@id":"https:\/\/rubenrodriguez.info\/#website","url":"https:\/\/rubenrodriguez.info\/","name":"Ruben Rodriguez","description":"Cuban Visual Artist","publisher":{"@id":"https:\/\/rubenrodriguez.info\/#organization"},"potentialAction":[{"@type":"SearchAction","target":{"@type":"EntryPoint","urlTemplate":"https:\/\/rubenrodriguez.info\/?s={search_term_string}"},"query-input":"required name=search_term_string"}],"inLanguage":"en-US"},{"@type":"Organization","@id":"https:\/\/rubenrodriguez.info\/#organization","name":"Ruben Rodriguez","url":"https:\/\/rubenrodriguez.info\/","logo":{"@type":"ImageObject","inLanguage":"en-US","@id":"https:\/\/rubenrodriguez.info\/#\/schema\/logo\/image\/","url":"","contentUrl":"","caption":"Ruben Rodriguez"},"image":{"@id":"https:\/\/rubenrodriguez.info\/#\/schema\/logo\/image\/"}}]}},"acf":[],"_links":{"self":[{"href":"https:\/\/rubenrodriguez.info\/index.php\/wp-json\/wp\/v2\/pages\/1232"}],"collection":[{"href":"https:\/\/rubenrodriguez.info\/index.php\/wp-json\/wp\/v2\/pages"}],"about":[{"href":"https:\/\/rubenrodriguez.info\/index.php\/wp-json\/wp\/v2\/types\/page"}],"author":[{"embeddable":true,"href":"https:\/\/rubenrodriguez.info\/index.php\/wp-json\/wp\/v2\/users\/1"}],"replies":[{"embeddable":true,"href":"https:\/\/rubenrodriguez.info\/index.php\/wp-json\/wp\/v2\/comments?post=1232"}],"version-history":[{"count":7,"href":"https:\/\/rubenrodriguez.info\/index.php\/wp-json\/wp\/v2\/pages\/1232\/revisions"}],"predecessor-version":[{"id":1242,"href":"https:\/\/rubenrodriguez.info\/index.php\/wp-json\/wp\/v2\/pages\/1232\/revisions\/1242"}],"wp:featuredmedia":[{"embeddable":true,"href":"https:\/\/rubenrodriguez.info\/index.php\/wp-json\/wp\/v2\/media\/1133"}],"wp:attachment":[{"href":"https:\/\/rubenrodriguez.info\/index.php\/wp-json\/wp\/v2\/media?parent=1232"}],"curies":[{"name":"wp","href":"https:\/\/api.w.org\/{rel}","templated":true}]}}