{"id":1280,"date":"2023-06-29T07:03:13","date_gmt":"2023-06-29T07:03:13","guid":{"rendered":"https:\/\/rubenrodriguez.info\/?page_id=1280"},"modified":"2023-06-29T07:06:37","modified_gmt":"2023-06-29T07:06:37","slug":"black-red-and-white-drapery","status":"publish","type":"page","link":"https:\/\/rubenrodriguez.info\/index.php\/black-red-and-white-drapery\/","title":{"rendered":"Black, Red, and White Drapery"},"content":{"rendered":"\t\t<div data-elementor-type=\"wp-page\" data-elementor-id=\"1280\" class=\"elementor elementor-1280\">\n\t\t\t\t\t\t\t\t\t<section class=\"elementor-section elementor-top-section elementor-element elementor-element-073cbe4 elementor-section-boxed elementor-section-height-default elementor-section-height-default\" data-id=\"073cbe4\" data-element_type=\"section\">\n\t\t\t\t\t\t<div class=\"elementor-container elementor-column-gap-default\">\n\t\t\t\t\t<div class=\"elementor-column elementor-col-100 elementor-top-column elementor-element elementor-element-ef38eab\" data-id=\"ef38eab\" data-element_type=\"column\">\n\t\t\t<div class=\"elementor-widget-wrap elementor-element-populated\">\n\t\t\t\t\t\t\t\t<div class=\"elementor-element elementor-element-33f92de elementor-widget-divider--view-line elementor-widget elementor-widget-divider\" data-id=\"33f92de\" data-element_type=\"widget\" data-widget_type=\"divider.default\">\n\t\t\t\t<div class=\"elementor-widget-container\">\n\t\t\t<style>\/*! elementor - v3.14.0 - 26-06-2023 *\/\n.elementor-widget-divider{--divider-border-style:none;--divider-border-width:1px;--divider-color:#0c0d0e;--divider-icon-size:20px;--divider-element-spacing:10px;--divider-pattern-height:24px;--divider-pattern-size:20px;--divider-pattern-url:none;--divider-pattern-repeat:repeat-x}.elementor-widget-divider .elementor-divider{display:flex}.elementor-widget-divider .elementor-divider__text{font-size:15px;line-height:1;max-width:95%}.elementor-widget-divider .elementor-divider__element{margin:0 var(--divider-element-spacing);flex-shrink:0}.elementor-widget-divider .elementor-icon{font-size:var(--divider-icon-size)}.elementor-widget-divider .elementor-divider-separator{display:flex;margin:0;direction:ltr}.elementor-widget-divider--view-line_icon .elementor-divider-separator,.elementor-widget-divider--view-line_text .elementor-divider-separator{align-items:center}.elementor-widget-divider--view-line_icon .elementor-divider-separator:after,.elementor-widget-divider--view-line_icon .elementor-divider-separator:before,.elementor-widget-divider--view-line_text .elementor-divider-separator:after,.elementor-widget-divider--view-line_text .elementor-divider-separator:before{display:block;content:\"\";border-bottom:0;flex-grow:1;border-top:var(--divider-border-width) var(--divider-border-style) var(--divider-color)}.elementor-widget-divider--element-align-left .elementor-divider .elementor-divider-separator>.elementor-divider__svg:first-of-type{flex-grow:0;flex-shrink:100}.elementor-widget-divider--element-align-left .elementor-divider-separator:before{content:none}.elementor-widget-divider--element-align-left .elementor-divider__element{margin-left:0}.elementor-widget-divider--element-align-right .elementor-divider .elementor-divider-separator>.elementor-divider__svg:last-of-type{flex-grow:0;flex-shrink:100}.elementor-widget-divider--element-align-right .elementor-divider-separator:after{content:none}.elementor-widget-divider--element-align-right .elementor-divider__element{margin-right:0}.elementor-widget-divider:not(.elementor-widget-divider--view-line_text):not(.elementor-widget-divider--view-line_icon) .elementor-divider-separator{border-top:var(--divider-border-width) var(--divider-border-style) var(--divider-color)}.elementor-widget-divider--separator-type-pattern{--divider-border-style:none}.elementor-widget-divider--separator-type-pattern.elementor-widget-divider--view-line .elementor-divider-separator,.elementor-widget-divider--separator-type-pattern:not(.elementor-widget-divider--view-line) .elementor-divider-separator:after,.elementor-widget-divider--separator-type-pattern:not(.elementor-widget-divider--view-line) .elementor-divider-separator:before,.elementor-widget-divider--separator-type-pattern:not([class*=elementor-widget-divider--view]) .elementor-divider-separator{width:100%;min-height:var(--divider-pattern-height);-webkit-mask-size:var(--divider-pattern-size) 100%;mask-size:var(--divider-pattern-size) 100%;-webkit-mask-repeat:var(--divider-pattern-repeat);mask-repeat:var(--divider-pattern-repeat);background-color:var(--divider-color);-webkit-mask-image:var(--divider-pattern-url);mask-image:var(--divider-pattern-url)}.elementor-widget-divider--no-spacing{--divider-pattern-size:auto}.elementor-widget-divider--bg-round{--divider-pattern-repeat:round}.rtl .elementor-widget-divider .elementor-divider__text{direction:rtl}.e-con-inner>.elementor-widget-divider,.e-con>.elementor-widget-divider{width:var(--container-widget-width,100%);--flex-grow:var(--container-widget-flex-grow)}<\/style>\t\t<div class=\"elementor-divider\">\n\t\t\t<span class=\"elementor-divider-separator\">\n\t\t\t\t\t\t<\/span>\n\t\t<\/div>\n\t\t\t\t<\/div>\n\t\t\t\t<\/div>\n\t\t\t\t<div class=\"elementor-element elementor-element-f40807c elementor-widget elementor-widget-spacer\" data-id=\"f40807c\" data-element_type=\"widget\" data-widget_type=\"spacer.default\">\n\t\t\t\t<div class=\"elementor-widget-container\">\n\t\t\t<style>\/*! elementor - v3.14.0 - 26-06-2023 *\/\n.elementor-column .elementor-spacer-inner{height:var(--spacer-size)}.e-con{--container-widget-width:100%}.e-con-inner>.elementor-widget-spacer,.e-con>.elementor-widget-spacer{width:var(--container-widget-width,var(--spacer-size));--align-self:var(--container-widget-align-self,initial);--flex-shrink:0}.e-con-inner>.elementor-widget-spacer>.elementor-widget-container,.e-con-inner>.elementor-widget-spacer>.elementor-widget-container>.elementor-spacer,.e-con>.elementor-widget-spacer>.elementor-widget-container,.e-con>.elementor-widget-spacer>.elementor-widget-container>.elementor-spacer{height:100%}.e-con-inner>.elementor-widget-spacer>.elementor-widget-container>.elementor-spacer>.elementor-spacer-inner,.e-con>.elementor-widget-spacer>.elementor-widget-container>.elementor-spacer>.elementor-spacer-inner{height:var(--container-widget-height,var(--spacer-size))}<\/style>\t\t<div class=\"elementor-spacer\">\n\t\t\t<div class=\"elementor-spacer-inner\"><\/div>\n\t\t<\/div>\n\t\t\t\t<\/div>\n\t\t\t\t<\/div>\n\t\t\t\t<div class=\"elementor-element elementor-element-76a300a elementor-widget elementor-widget-text-editor\" data-id=\"76a300a\" data-element_type=\"widget\" data-widget_type=\"text-editor.default\">\n\t\t\t\t<div class=\"elementor-widget-container\">\n\t\t\t<style>\/*! elementor - v3.14.0 - 26-06-2023 *\/\n.elementor-widget-text-editor.elementor-drop-cap-view-stacked .elementor-drop-cap{background-color:#69727d;color:#fff}.elementor-widget-text-editor.elementor-drop-cap-view-framed .elementor-drop-cap{color:#69727d;border:3px solid;background-color:transparent}.elementor-widget-text-editor:not(.elementor-drop-cap-view-default) .elementor-drop-cap{margin-top:8px}.elementor-widget-text-editor:not(.elementor-drop-cap-view-default) .elementor-drop-cap-letter{width:1em;height:1em}.elementor-widget-text-editor .elementor-drop-cap{float:left;text-align:center;line-height:1;font-size:50px}.elementor-widget-text-editor .elementor-drop-cap-letter{display:inline-block}<\/style>\t\t\t\t<p><strong>BLACK, RED, AND WHITE DRAPERY<\/strong><\/p><p>\u00a9 Argel Calcines. 2005<\/p><p>Villa Manuela Gallery welcomes an exhibit of Rube\u0301n Rodri\u0301guez charmly entitled Pan\u0303os negros, pan\u0303os rojos, pan\u0303os blancos (Black, Red and White Drapery, a name which invites to enjoy fine erotic art.<\/p><p>SA chromatic succession which evokes that Lorca of Romancero Gitano, this title could also refer to the letter of the year, to Eleggua\u0301 attributes&#8230;. But, certainly, it is only an underlying pretext to be amused by the artist once again.<\/p><p>This exhibition continuous and enriches the previous ones Reflejos (Reflexes I and II), as well as the most recent, Proverbios e iniciaciones (Proverbs and Initiations); all linked together by a common denominator: the sexed condition of pictorial representation.<\/p><p>Pleasure is shared with the spectator through Rube\u0301n \u0301s repetition or reiteration of these silhouettes that, raising their genitals, finish in zoomorphic allusions. There is a hidden, latent sense&#8230; of pleasure enjoyed by those who feel attracted to the magnetism of his work: explicitly erotic, but always enigmatic, deep, turgid&#8230;<\/p><p>It might sound redundant to say that the essence of Rube\u0301n \u0301s art beauty does not deserve prudish comments, not even from the academic stand point. Again I should quote art psychoanalyst, David Freedberg and his studies on history and the theory of answer, &#8220;possession of what has been represented is the erotic basis of a real understanding&#8221;.<\/p><p>One could imagine that, by exhibiting Ruben art, Villa Manuela Gallery has turned \u2013 for just a moment \u2013 into one of those Pompeian houses where Eros was shared together as so was air; or into a cavern where men painted on walls \u2013 together with bison, wolves, wild pigs and other beasts \u2013 the erection of his sex with identical curiosity of firing a torch.<\/p>\t\t\t\t\t\t<\/div>\n\t\t\t\t<\/div>\n\t\t\t\t<div class=\"elementor-element elementor-element-5d80078 elementor-widget elementor-widget-spacer\" data-id=\"5d80078\" data-element_type=\"widget\" data-widget_type=\"spacer.default\">\n\t\t\t\t<div class=\"elementor-widget-container\">\n\t\t\t\t\t<div class=\"elementor-spacer\">\n\t\t\t<div class=\"elementor-spacer-inner\"><\/div>\n\t\t<\/div>\n\t\t\t\t<\/div>\n\t\t\t\t<\/div>\n\t\t\t\t\t<\/div>\n\t\t<\/div>\n\t\t\t\t\t\t\t<\/div>\n\t\t<\/section>\n\t\t\t\t\t\t\t<\/div>\n\t\t","protected":false},"excerpt":{"rendered":"<p>BLACK, RED, AND WHITE DRAPERY \u00a9 Argel Calcines. 2005 Villa Manuela Gallery welcomes an exhibit of Rube\u0301n Rodri\u0301guez charmly entitled Pan\u0303os negros, pan\u0303os rojos, pan\u0303os blancos (Black, Red and White Drapery, a name which invites to enjoy fine erotic art. SA chromatic succession which evokes that Lorca of Romancero Gitano, this title could also refer [&hellip;]<\/p>\n","protected":false},"author":1,"featured_media":1164,"parent":0,"menu_order":0,"comment_status":"closed","ping_status":"closed","template":"","meta":{"_monsterinsights_skip_tracking":false,"_monsterinsights_sitenote_active":false,"_monsterinsights_sitenote_note":"","_monsterinsights_sitenote_category":0,"footnotes":""},"yoast_head":"<!-- This site is optimized with the Yoast SEO plugin v21.8 - https:\/\/yoast.com\/wordpress\/plugins\/seo\/ -->\n<title>Black, Red, and White Drapery - Ruben Rodriguez<\/title>\n<meta name=\"description\" content=\"Villa Manuela Gallery welcomes an exhibit of Rub\u00e9n Rodr\u00edguez charmly entitled Pa\u00f1os negros, pa\u00f1os rojos, pa\u00f1os blancos (Black, Red and White Drapery, a name which invites to enjoy fine erotic art...\" \/>\n<meta name=\"robots\" content=\"index, follow, max-snippet:-1, max-image-preview:large, max-video-preview:-1\" \/>\n<link rel=\"canonical\" href=\"https:\/\/rubenrodriguez.info\/index.php\/black-red-and-white-drapery\/\" \/>\n<meta property=\"og:locale\" content=\"en_US\" \/>\n<meta property=\"og:type\" content=\"article\" \/>\n<meta property=\"og:title\" content=\"Black, Red, and White Drapery - Ruben Rodriguez\" \/>\n<meta property=\"og:description\" content=\"Villa Manuela Gallery welcomes an exhibit of Rub\u00e9n Rodr\u00edguez charmly entitled Pa\u00f1os negros, pa\u00f1os rojos, pa\u00f1os blancos (Black, Red and White Drapery, a name which invites to enjoy fine erotic art...\" \/>\n<meta property=\"og:url\" content=\"https:\/\/rubenrodriguez.info\/index.php\/black-red-and-white-drapery\/\" \/>\n<meta property=\"og:site_name\" content=\"Ruben Rodriguez\" \/>\n<meta property=\"article:modified_time\" content=\"2023-06-29T07:06:37+00:00\" \/>\n<meta property=\"og:image\" content=\"http:\/\/rubenrodriguez.info\/wp-content\/uploads\/2023\/06\/ruben-rodriguez-cuban-artist-016.jpg\" \/>\n\t<meta property=\"og:image:width\" content=\"900\" \/>\n\t<meta property=\"og:image:height\" content=\"680\" \/>\n\t<meta property=\"og:image:type\" content=\"image\/jpeg\" \/>\n<meta name=\"twitter:card\" content=\"summary_large_image\" \/>\n<meta name=\"twitter:label1\" content=\"Est. reading time\" \/>\n\t<meta name=\"twitter:data1\" content=\"2 minutes\" \/>\n<script type=\"application\/ld+json\" class=\"yoast-schema-graph\">{\"@context\":\"https:\/\/schema.org\",\"@graph\":[{\"@type\":\"WebPage\",\"@id\":\"https:\/\/rubenrodriguez.info\/index.php\/black-red-and-white-drapery\/\",\"url\":\"https:\/\/rubenrodriguez.info\/index.php\/black-red-and-white-drapery\/\",\"name\":\"Black, Red, and White Drapery - Ruben Rodriguez\",\"isPartOf\":{\"@id\":\"https:\/\/rubenrodriguez.info\/#website\"},\"datePublished\":\"2023-06-29T07:03:13+00:00\",\"dateModified\":\"2023-06-29T07:06:37+00:00\",\"description\":\"Villa Manuela Gallery welcomes an exhibit of Rub\u00e9n Rodr\u00edguez charmly entitled Pa\u00f1os negros, pa\u00f1os rojos, pa\u00f1os blancos (Black, Red and White Drapery, a name which invites to enjoy fine erotic art...\",\"breadcrumb\":{\"@id\":\"https:\/\/rubenrodriguez.info\/index.php\/black-red-and-white-drapery\/#breadcrumb\"},\"inLanguage\":\"en-US\",\"potentialAction\":[{\"@type\":\"ReadAction\",\"target\":[\"https:\/\/rubenrodriguez.info\/index.php\/black-red-and-white-drapery\/\"]}]},{\"@type\":\"BreadcrumbList\",\"@id\":\"https:\/\/rubenrodriguez.info\/index.php\/black-red-and-white-drapery\/#breadcrumb\",\"itemListElement\":[{\"@type\":\"ListItem\",\"position\":1,\"name\":\"Home\",\"item\":\"https:\/\/rubenrodriguez.info\/\"},{\"@type\":\"ListItem\",\"position\":2,\"name\":\"Black, Red, and White Drapery\"}]},{\"@type\":\"WebSite\",\"@id\":\"https:\/\/rubenrodriguez.info\/#website\",\"url\":\"https:\/\/rubenrodriguez.info\/\",\"name\":\"Ruben Rodriguez\",\"description\":\"Cuban Visual Artist\",\"publisher\":{\"@id\":\"https:\/\/rubenrodriguez.info\/#organization\"},\"potentialAction\":[{\"@type\":\"SearchAction\",\"target\":{\"@type\":\"EntryPoint\",\"urlTemplate\":\"https:\/\/rubenrodriguez.info\/?s={search_term_string}\"},\"query-input\":\"required name=search_term_string\"}],\"inLanguage\":\"en-US\"},{\"@type\":\"Organization\",\"@id\":\"https:\/\/rubenrodriguez.info\/#organization\",\"name\":\"Ruben Rodriguez\",\"url\":\"https:\/\/rubenrodriguez.info\/\",\"logo\":{\"@type\":\"ImageObject\",\"inLanguage\":\"en-US\",\"@id\":\"https:\/\/rubenrodriguez.info\/#\/schema\/logo\/image\/\",\"url\":\"\",\"contentUrl\":\"\",\"caption\":\"Ruben Rodriguez\"},\"image\":{\"@id\":\"https:\/\/rubenrodriguez.info\/#\/schema\/logo\/image\/\"}}]}<\/script>\n<!-- \/ Yoast SEO plugin. -->","yoast_head_json":{"title":"Black, Red, and White Drapery - Ruben Rodriguez","description":"Villa Manuela Gallery welcomes an exhibit of Rub\u00e9n Rodr\u00edguez charmly entitled Pa\u00f1os negros, pa\u00f1os rojos, pa\u00f1os blancos (Black, Red and White Drapery, a name which invites to enjoy fine erotic art...","robots":{"index":"index","follow":"follow","max-snippet":"max-snippet:-1","max-image-preview":"max-image-preview:large","max-video-preview":"max-video-preview:-1"},"canonical":"https:\/\/rubenrodriguez.info\/index.php\/black-red-and-white-drapery\/","og_locale":"en_US","og_type":"article","og_title":"Black, Red, and White Drapery - Ruben Rodriguez","og_description":"Villa Manuela Gallery welcomes an exhibit of Rub\u00e9n Rodr\u00edguez charmly entitled Pa\u00f1os negros, pa\u00f1os rojos, pa\u00f1os blancos (Black, Red and White Drapery, a name which invites to enjoy fine erotic art...","og_url":"https:\/\/rubenrodriguez.info\/index.php\/black-red-and-white-drapery\/","og_site_name":"Ruben Rodriguez","article_modified_time":"2023-06-29T07:06:37+00:00","og_image":[{"width":900,"height":680,"url":"http:\/\/rubenrodriguez.info\/wp-content\/uploads\/2023\/06\/ruben-rodriguez-cuban-artist-016.jpg","type":"image\/jpeg"}],"twitter_card":"summary_large_image","twitter_misc":{"Est. reading time":"2 minutes"},"schema":{"@context":"https:\/\/schema.org","@graph":[{"@type":"WebPage","@id":"https:\/\/rubenrodriguez.info\/index.php\/black-red-and-white-drapery\/","url":"https:\/\/rubenrodriguez.info\/index.php\/black-red-and-white-drapery\/","name":"Black, Red, and White Drapery - Ruben Rodriguez","isPartOf":{"@id":"https:\/\/rubenrodriguez.info\/#website"},"datePublished":"2023-06-29T07:03:13+00:00","dateModified":"2023-06-29T07:06:37+00:00","description":"Villa Manuela Gallery welcomes an exhibit of Rub\u00e9n Rodr\u00edguez charmly entitled Pa\u00f1os negros, pa\u00f1os rojos, pa\u00f1os blancos (Black, Red and White Drapery, a name which invites to enjoy fine erotic art...","breadcrumb":{"@id":"https:\/\/rubenrodriguez.info\/index.php\/black-red-and-white-drapery\/#breadcrumb"},"inLanguage":"en-US","potentialAction":[{"@type":"ReadAction","target":["https:\/\/rubenrodriguez.info\/index.php\/black-red-and-white-drapery\/"]}]},{"@type":"BreadcrumbList","@id":"https:\/\/rubenrodriguez.info\/index.php\/black-red-and-white-drapery\/#breadcrumb","itemListElement":[{"@type":"ListItem","position":1,"name":"Home","item":"https:\/\/rubenrodriguez.info\/"},{"@type":"ListItem","position":2,"name":"Black, Red, and White Drapery"}]},{"@type":"WebSite","@id":"https:\/\/rubenrodriguez.info\/#website","url":"https:\/\/rubenrodriguez.info\/","name":"Ruben Rodriguez","description":"Cuban Visual Artist","publisher":{"@id":"https:\/\/rubenrodriguez.info\/#organization"},"potentialAction":[{"@type":"SearchAction","target":{"@type":"EntryPoint","urlTemplate":"https:\/\/rubenrodriguez.info\/?s={search_term_string}"},"query-input":"required name=search_term_string"}],"inLanguage":"en-US"},{"@type":"Organization","@id":"https:\/\/rubenrodriguez.info\/#organization","name":"Ruben Rodriguez","url":"https:\/\/rubenrodriguez.info\/","logo":{"@type":"ImageObject","inLanguage":"en-US","@id":"https:\/\/rubenrodriguez.info\/#\/schema\/logo\/image\/","url":"","contentUrl":"","caption":"Ruben Rodriguez"},"image":{"@id":"https:\/\/rubenrodriguez.info\/#\/schema\/logo\/image\/"}}]}},"acf":[],"_links":{"self":[{"href":"https:\/\/rubenrodriguez.info\/index.php\/wp-json\/wp\/v2\/pages\/1280"}],"collection":[{"href":"https:\/\/rubenrodriguez.info\/index.php\/wp-json\/wp\/v2\/pages"}],"about":[{"href":"https:\/\/rubenrodriguez.info\/index.php\/wp-json\/wp\/v2\/types\/page"}],"author":[{"embeddable":true,"href":"https:\/\/rubenrodriguez.info\/index.php\/wp-json\/wp\/v2\/users\/1"}],"replies":[{"embeddable":true,"href":"https:\/\/rubenrodriguez.info\/index.php\/wp-json\/wp\/v2\/comments?post=1280"}],"version-history":[{"count":4,"href":"https:\/\/rubenrodriguez.info\/index.php\/wp-json\/wp\/v2\/pages\/1280\/revisions"}],"predecessor-version":[{"id":1287,"href":"https:\/\/rubenrodriguez.info\/index.php\/wp-json\/wp\/v2\/pages\/1280\/revisions\/1287"}],"wp:featuredmedia":[{"embeddable":true,"href":"https:\/\/rubenrodriguez.info\/index.php\/wp-json\/wp\/v2\/media\/1164"}],"wp:attachment":[{"href":"https:\/\/rubenrodriguez.info\/index.php\/wp-json\/wp\/v2\/media?parent=1280"}],"curies":[{"name":"wp","href":"https:\/\/api.w.org\/{rel}","templated":true}]}}